*o**2/2 + 3*o - 23. Suppose 0*i = -4*t + 4*i + 8, -5*t - 4*i = 35. Give g(t).
12
Let u(g) = 10*g - 42. Let b(i) = 4*i - 17. Let a(h) = -12*b(h) + 5*u(h). Suppose -13 + 1 = -2*z. What is a(z)?
6
Let f(z) = z**3 + z - 2. Let j be f(2). Let r(d) = -3 + 2*d - d + j. Determine r(-3).
2
Let t(x) be the first derivative of 0*x**4 - 1/3*x**3 + 0*x - x**2 + 1 + 1/60*x**5. Let q(y) be the second derivative of t(y). Give q(3).
7
Let y(d) = -d**3 - 5*d**2 + 2*d + 7. Suppose 0 = -q - 4*p - 15, -3*q = -2*q - p - 5. Let s be (-2)/(-2)*(0 - q). Let c be (-3 + s - -3)*5. Determine y(c).
-3
Suppose -4*z - 4*h = -36, -14 = 4*z + 2*h - 40. Let i(o) = o - 4. Determine i(z).
0
Let g(r) = -r + 8. Let k be g(6). Let a(n) = -2*n - n + k*n. Let s(j) = j - 1. Let h be s(-3). Give a(h).
4
Let o(j) = j - 3. Let k be o(7). Suppose -k*h = 6 - 2. Let r(x) = 2*x**2 - 1. What is r(h)?
1
Let p(o) be the third derivative of -o**7/2520 - o**6/144 - o**5/24 - o**4/3 - 2*o**2. Let b(j) be the second derivative of p(j). Determine b(-5).
-5
Let s(y) = y**3 + 6*y**2 - 3. Suppose 3*f + 36 = -5*j, -5*j - 38 = -0*j + 4*f. What is s(j)?
-3
Suppose -2*j + 2*a - 3*a = -35, j + 2*a = 10. Suppose -2*d = 0, 3*d = -3*g - g + j. Let h(z) = z**3 - 5*z**2 + z - 6. Determine h(g).
-1
Suppose -5*v = 15, -5*r + 86 - 25 = 3*v. Let j be r/(-63) + 25/(-9). Let a(o) = 4*o - 5. Let s(d) = -3*d + 4. Let h(c) = j*s(c) - 2*a(c). Determine h(0).
-2
Let g be -4 - ((-64)/(-30) - 2/15). Let d(k) = -6*k - 9. Let x(y) = 11*y + 18. Let o(f) = 7*d(f) + 4*x(f). Calculate o(g).
-3
Let m(a) be the third derivative of a**8/6720 - a**7/840 + a**6/360 - a**5/120 - a**4/24 + 6*a**2. Let i(z) be the second derivative of m(z). Calculate i(3).
5
Suppose -3*s + 39 = -2*u, -4*u + 10 = 4*s - 2*s. Let d = 8 - s. Let c(l) = -l**3 - 3*l**2 - l. Calculate c(d).
3
Let x(h) = -h**3 + 3*h**2 - 3*h - 2. Let j(s) = s**3 - 14*s**2 + 13*s + 3. Let l be j(13). Calculate x(l).
-11
Let w(r) = 5*r - 1. Let a = -16 + 15. Calculate w(a).
-6
Let y(l) = -7*l**3 - 19*l**2 - 8*l - 5. Let u(z) = -3*z**3 - 9*z**2 - 4*z - 3. Let k(s) = 9*u(s) - 4*y(s). Let i be (-17)/(-3) + 1/3. Determine k(i).
5
Let z(u) be the second derivative of -u**4/12 + 3*u**2/2 + u. Suppose 0 = r - 2*r - 5*k + 23, -2*r + 10 = -2*k. Suppose r*a = 5*a. Give z(a).
3
Let a = 3 + -6. Let k(t) = 5*t**3 - 8*t**2 + t - 3. Let m(y) = 14*y**3 - 23*y**2 + 3*y - 8. Let q(v) = -17*k(v) + 6*m(v). Give q(a).
9
Let j(l) be the third derivative of l**5/60 + l**4/8 - l**3/3 - 8*l**2. What is j(-4)?
2
Let y(o) = -o**2 - 5*o + 7. Let f be y(-6). Let w(s) = -3 + 5*s - 5*s**2 - 2 + s**3 + f. Let a(p) = 3*p**3 - 7*p**2 + 8*p. Let z be a(1). What is w(z)?
0
Let l(c) = 5*c - 1. Let t = -14 + 20. Let q(d) = -d**2 + 5*d + 3. Let b be q(t). Let g(s) = -4*s + 1. Let i(z) = b*g(z) - 2*l(z). Determine i(-1).
-3
Let d(s) = s**3 - 7*s**2 + 7*s - 6. Let c be 24*4*3/12. Suppose t - 12 = 2*q, -2*t - 3*t - 2*q = -c. Determine d(t).
0
Suppose 5*n - p - 7 = 0, -17 = -n - 0*n - 5*p. Let c(q) = -q**3 + 2. Calculate c(n).
-6
Let i(d) be the second derivative of d**3 - 15*d. Calculate i(-3).
-18
Let a be 18/(-4)*2/(-3). Let h(q) = q**3 + 9*q**2 + 10*q. Let i be h(-7). Suppose 2*o - 13 = -d, -a*o + i = -o + 4*d. Let t(m) = -m**2 + 3*m + 1. What is t(o)?
-3
Let z(c) = 0*c - 3 + 0*c + c**2. Let t be 2/1 + 6/(-3). Suppose -8*l + 3*l + 15 = t. Give z(l).
6
Let u(n) = -n**2 - 4*n + 6. Suppose 3 + 7 = -2*x. Give u(x).
1
Let u = 12 - 6. Let i(v) = v**2 - 6*v - 1. Let w be i(u). Let n(s) = -6*s - 4*s + 3*s. Give n(w).
7
Let m(h) = h**3 - 3*h**2 + h. Let z be m(3). Let v(c) = -6*c**z + c**3 + c**2 + 6*c**3 - c. What is v(-1)?
1
Let q(v) = -v - 1. Let j be q(3). Suppose -2*o = o. Let f(u) = o*u**2 + u**2 - 2*u + 1 - 2*u**2. Determine f(j).
-7
Let m = -5 + 7. Let v(l) = -l + 3. Give v(m).
1
Let x(l) = -l**3 + 3*l**2 - 2*l. Suppose 0 = 2*f + 4*o - 14, -2*f + o - 8 = -4*f. Give x(f).
-6
Let t(g) = -1 + 13*g**2 - 14*g**2 - 6*g**3 - g + 0*g. Let q(u) = -u - 1. Let c be q(0). Let b be t(c). Let j(x) = x. Calculate j(b).
5
Let t(m) = 4*m + 6. Let r = 7 - 12. Let g(w) = 3*w + 7. Let s(l) = r*g(l) + 4*t(l). What is s(6)?
-5
Suppose -4*l = 20, -3*l + 25 = -5*u - 8*l. Let k(f) = u - 3 + f**2 + 1. Suppose -3*j + b = 14, -b - b + 10 = 0. Calculate k(j).
7
Let n(p) be the second derivative of -p**4/12 - p**3/6 - p**2 + 12*p. Determine n(0).
-2
Let n(y) = -y**3 + 7*y**2 - y + 2. Let z = 52 - 45. Determine n(z).
-5
Let y be (-20)/(-110) - 13/11. Let z(l) = 4*l. Determine z(y).
-4
Let s(i) = -i**3 + i - 7. Let n be 0/(3*(-2)/(-6)). Suppose -5*r - 22 = o - 3*o, n = -r - 3*o - 1. Let h be (r - -2) + (2 - 0). What is s(h)?
-7
Let p(k) = -5*k**2 + 9*k - 4. Let t(j) = -9*j**2 + 17*j - 7. Let n(v) = -8*v + 1. Let a be n(1). Let u = 11 - 7. Let y(s) = a*p(s) + u*t(s). What is y(6)?
-6
Let b(a) be the second derivative of -a**4/24 + 4*a**3/3 - 5*a**2/2 - 3*a. Let u(l) be the first derivative of b(l). Calculate u(4).
4
Let k(g) be the third derivative of -g**5/60 - g**4/24 - 2*g**3/3 + 2*g**2. Let x(n) be the first derivative of k(n). Calculate x(6).
-13
Let x(m) = m**3 - 4*m**2 + 4*m + 4. Let v(q) = -q. Let d(z) = -4*v(z) - x(z). Calculate d(5).
-29
Let k(p) = -p - 1. Suppose 2 + 4 = 3*n. Give k(n).
-3
Let d(p) = -p**3 + 10*p**2 - 11*p + 20. Let a be d(9). Let m = 5 - 3. Suppose m*l - 16 = -4*c, 5 = 2*l + a*c - 5. Let g(r) = -r**2 + 3*r + 2. What is g(l)?
4
Let t(n) = -n**3 - 4*n**2 - 3*n - 1. Let b(g) = -g**2 - 6*g - 3. Let f be b(-4). Suppose f*i = -3*a - 26, 2*i - 3*a - 2 = i. Determine t(i).
11
Let p(t) be the third derivative of t**5/60 + t**4/24 + t**3/2 - 35*t**2. Determine p(3).
15
Suppose 0 = -4*z + 5*i + 25 - 1, -24 = -4*z + 4*i. Let c(m) = -m**2 + 8*m - 9. Let p(d) = -2*d**2 + 16*d - 18. Let y(j) = 5*c(j) - 2*p(j). Calculate y(z).
3
Let k(g) be the second derivative of -2*g**3/3 + g**2 - 18*g. Determine k(-2).
10
Suppose -2*w = 4*s, w + 2 = -5*s - 4. Let o(y) = -2*y. Calculate o(s).
4
Let b be 105/15*(-4)/14. Let i(c) = 4*c + 4. Let g(d) = 4*d + 3. Let q(x) = 5*g(x) - 4*i(x). Give q(b).
-9
Let u(z) = -4*z + 9. Let l(o) = -7*o + 19. Let i(n) = 3*l(n) - 5*u(n). What is i(10)?
2
Let f(l) = -l**3 - 2*l**2 + 2*l - 1. Let d be f(-3). Let u(g) = 3*g**2 + 0 - 6*g - 2*g**d + 0 + 2. What is u(6)?
2
Let v(j) be the third derivative of 3*j**6/40 - j**5/60 - 8*j**2. What is v(1)?
8
Let j be -1 - 0 - 2/(-2). Let r(b) = 0 + 1 - 2 + j. Let t(c) = 2*c + 8. Let n(g) = -24*r(g) - 3*t(g). What is n(1)?
-6
Suppose 5*b = 64 - 14. Suppose -7*p + b = -2*p - 2*q, -3*p + 2*q + 2 = 0. Let u(n) = 0*n + 3*n - p*n + 3. What is u(3)?
0
Let w = 2 + 2. Let x(h) = 0*h + 3*h + 5 - 1569*h**2 + 1568*h**2. Calculate x(w).
1
Let k(b) be the third derivative of -b**6/120 + b**5/6 - 3*b**4/8 + 2*b**3/3 - 25*b**2. Determine k(9).
4
Let x(q) = 1 + 5*q - 1 - 7*q + 1 + 2*q**2. Determine x(2).
5
Let x(m) be the first derivative of -2*m**3 - 1/4*m**4 - 2 + 1/2*m**2 + 2*m. Determine x(-6).
-4
Suppose 2*s - 1 = 7. Let o(h) = 2*h**3 - s*h**2 + 1 - h**3 - 1. Give o(4).
0
Let g(d) = 3*d**2 - 1. Let s be (-1 - -1) + (12 - 10). Determine g(s).
11
Suppose -2*i + 4*i = -4. Let k(u) = -2*u**2 - u - 1. Let v(m) = -m**2 - m - 1. Let n(o) = k(o) - 4*v(o). Determine n(i).
5
Suppose 0*n = -c - n + 4, 0 = -2*n + 8. Suppose o + 4 = -c*o + 5*g, 0 = 5*g. Let w(a) = a. Let x(f) = -4*f - 3. Let l(z) = -2*w(z) - x(z). Calculate l(o).
-5
Let f(n) = -n**2 + 5. Suppose -3*d + 0*d = 0. Let j be f(d). Let u(r) = -3*r + j*r**2 - 4*r**2 + 3 - 2*r**2. Calculate u(-3).
3
Let i(y) = -y**2 + 3*y + 5. Let p(c) = -c**2 + 4*c + 5. Let a(x) = 4*i(x) - 5*p(x). Calculate a(8).
-5
Let h = 17 - 18. Let n(v) = -v**2 + v - 1. Let l(b) = -8*b**2 + 3*b - 4. Let a(g) = l(g) - 3*n(g). What is a(h)?
-6
Suppose -4*c = -3*c - 6. Let f(x) = -c*x**3 - x - 1 + 5*x**3 - x**2 + 6. Suppose 0 = -0*r + 3*r. What is f(r)?
5
Let o(m) = 3 - 3 - 2*m + 1 - 2. Let p be o(1). Let f(c) = -c**2 - 5*c - 4. What is f(p)?
2
Let m(f) be the third derivative of -f**6/60 + f**5/30 + f**4/12 - f**3/6 - 14*f**2. Calculate m(2).
-5
Suppose -4*i - 4*g = -0*g - 12, 7 = i + 3*g. Let a(r) = 2*r + r - 3*r + 1 - 2*r - 5*r**2. Calculate a(i).
-6
Let u(h) = 2*h**3 - h**2 + 1. Let k = 2 - -3. Suppose 0 = -k*d - 3*f - 7, -2*d - 16 = 2*d + 5*f. Calculate u(d).
2
Let a(l)